{"id":2,"date":"2013-12-26T11:52:56","date_gmt":"2013-12-26T11:52:56","guid":{"rendered":"http:\/\/www.789.ro\/blog\/?page_id=2"},"modified":"2024-07-29T09:23:30","modified_gmt":"2024-07-29T09:23:30","slug":"despre","status":"publish","type":"page","link":"https:\/\/www.789.ro\/blog\/despre\/","title":{"rendered":"Despre&#8230;"},"content":{"rendered":"\n<div style=\"align: center;\">\n<figure><img loading=\"lazy\" decoding=\"async\" title=\"legitimatie de presa\" src=\"https:\/\/www.789.ro\/blog\/wp-content\/uploads\/2013\/12\/Matei-Kosovo-mic.jpg\" alt=\"matei bitea freelancer SEO Timisoara\" width=\"200\" height=\"257\">\n<figcaption><strong>Matei B\u00eetea; legitima\u021bie de pres\u0103&#8230;<\/strong><\/figcaption>\n<\/figure>\n<\/div><br>\n\n\n\n<p>Cum am ajuns s\u0103 m\u0103 ocup de site-uri \u0219i s\u0103 fiu freelancer&#8230; este o chestiune de hazard. SEO \u0219i web design&#8230; no\u021biuni despre care nu \u0219tiam nimic. Mai mult, atunci c\u00e2nd am luat decizia s\u0103 \u00eenv\u0103\u021b c\u00e2t pot despre paginile web nici nu m\u0103 g\u00e2ndeam c\u0103 voi tr\u0103i din ele. Fotografia \u0219i jurnalismul au fost \u0219i r\u0103m\u00e2n pasiunile mele. Doar c\u0103 via\u021ba e plin\u0103 de neprev\u0103zut&#8230;<\/p>\n\n\n\n<h2 class=\"wp-block-heading\" id=\"inceput\">\u00cenceputuri&#8230;<\/h2>\n\n\n\n<p>Ideea acestui site, mai exact a sec\u021biunii de blog din cuprinsul lui, mi-a ap\u0103rut \u00een vara lui 1998,&nbsp;pe c\u00e2nd m\u0103 aflam la Pri\u0219tina \u00een Kosovo. Eram angajatul unui ziar privat \u0219i m-am dus \u00een zona de conflict pe banii mei, \u00een concediu de odihn\u0103. Plin de energie \u0219i de tupeu ziaristic, st\u0103p\u00e2neam tehnica foto \u0219i de laborator, aveam moralul ridicat \u0219i credeam c\u0103 sunt suficiente ca s\u0103 fiu printre cei mai buni ziaristi.<\/p>\n\n\n\n<p>Entuziasmul meu era maxim c\u00e2nd am intrat \u00een centrul de pres\u0103 amenajat la Grand Hotel, pe atunci singurul hotel adev\u0103rat din ora\u0219. Dup\u0103 \u00eendeplinirea formalit\u0103\u021bilor de acreditare, o domni\u0219oar\u0103 mi-a sugerat s\u0103 m\u0103 simt confortabil \u0219i s\u0103 profit de toate facilit\u0103\u021bile oferite ziari\u0219tilor. Eram fericit, c\u0103ci devenisem coleg cu cei de la <a href=\"https:\/\/uk.reuters.com\/\" target=\"_blank\" rel=\"noopener noreferrer\">Reuters<\/a> \u0219i <a href=\"https:\/\/www.afp.com\/\" target=\"_blank\" rel=\"noopener noreferrer\">France Press<\/a>! (De\u0219i, a sta l\u00e2ng\u0103 ei, a face ce fac ei dar cu mijloace rudimentare, lor le st\u00e2rnea compasiune.)<\/p>\n\n\n\n<p>Bucuria a \u00eenceput s\u0103 mi se spulbere cu fiecare minut pe care-l petreceam \u00een centrul de pres\u0103. Constatam cu m\u00e2hnire c\u0103 nu \u0219tiam s\u0103 folosesc mai nimic din tehnica pus\u0103 la dispozi\u021bie. Nu aveam adres\u0103 de e-mail \u0219i nici nu \u0219tiam s\u0103 trimit unul. Nici nu mi-ar fi folosit s\u0103 \u0219tiu, c\u0103ci dac\u0103 doream s\u0103 transmit un foto-reportaj trebuia s\u0103 developez filmul, s\u0103 fac fotografiile, s\u0103 scriu un text, aveam nevoie de un laptop (recunosc c\u0103 pe atunci laptopurile erau un fel de agende electronice) of\u2026. aveam nevoie de enorm de multe lucruri!<\/p>\n\n\n\n<p>Iar eu venisem din Romania cu un aparat de fotografiat Praktika, vreo 30 de role de film \u0219i un carne\u021bel. N-aveam nici m\u0103car telefon mobil! Iar despre internet, pagini web&#8230; Realizati in ce conditii se lucra atunci in Romania!<\/p>\n\n\n\n<p>Ca s-o scurtez cu povestea asta, v\u0103 spun c\u0103 am f\u0103cut la repezeal\u0103 ni\u0219te copii xerox dup\u0103 comunicate de pres\u0103, am aruncat un ochi de \u201eexpert\u201d \u00eencolo \u0219i-ncoace, acestea fiind lucrurile la care m\u0103 pricepeam \u00een conjunctura aceea, apoi am \u0219ters-o urgent de acolo. Mi-am jurat c\u0103 \u00eentorc\u00e2ndu-m\u0103 acas\u0103 toate aceste lucruri se vor schimba!<\/p>\n\n\n\n<h2 class=\"wp-block-heading\">Na\u0219terea mea cea mai important\u0103: Kosovo!<\/h2>\n\n\n\n<p>Kosovo a fost locul unde m-am n\u0103scut profesional. Acolo am v\u0103zut prima oar\u0103 cum se fac fotografiile digitale, cum se transmite prin satelit, cum redactorii de la agen\u021biile str\u0103ine vedeau exact c\u00e2t loc au \u00een pagina ziarului, c\u00e2t text trebuie s\u0103 transmit\u0103 etc. Am intuit ce inseamna exact un site web, incepusem sa pricep cum sunt gasite informatiile pe internet. Experien\u021ba aceasta mi-a fost ca un fel de a doua na\u0219tere, mi-a relevat la c\u00e2t\u0103 ignoran\u021b\u0103 eram condamnat dac\u0103 a\u0219 fi continuat s\u0103 lucrez la acela\u0219i ziar din Rom\u00e2nia&#8230;<\/p>\n\n\n\n<p>Totu\u0219i, nu mi-era de plecat din \u021bar\u0103, a\u0219a c\u0103 am decis s\u0103 r\u0103m\u00e2n \u0219i s\u0103 devin un autodidact, s\u0103 \u00eenv\u0103\u021b totul c\u00e2t mai rapid. \u00cen primul r\u00e2nd aveam nevoie de calculator. Pentru a-mi cump\u0103ra unul, fiind ziarist, am convins un primar c\u0103 e cazul s\u0103-\u0219i fac\u0103 vreo c\u00e2teva sute de ilustrate cu ora\u0219ul pe care-l conducea.<\/p>\n\n\n\n<p>Zile \u0219i nop\u021bi am lipit cu aracet h\u00e2rtie pe spatele fotografiilor, h\u00e2rtie t\u0103iat\u0103 cu ghilotina. T\u0103iam foi de A4 pe care \u00eemi imprimase cineva la o imprimant\u0103 tip\u0103ritura caracteristic\u0103 unei c\u0103r\u021bi po\u0219tale, cu ce reprezint\u0103 imaginea, unde este locul pentru timbru, cine a f\u0103cut fotografia\u2026 Erau primele mele \u201evederi\u201d v\u00e2ndute oficial. A\u0219a mi-am luat primul calculator!<\/p>\n\n\n\n<h2 class=\"wp-block-heading\">Primele conexiuni&#8230;<\/h2>\n\n\n\n<p>Conexiunile la internet erau ceva de domeniul viselor. Pe atunci nu exista band\u0103 larg\u0103, wireless, ce spun eu, nu exista aproape nimic! Dar eu doream s\u0103 am site-ul meu, \u00een care s\u0103 ar\u0103t lumii ce fac, ce scriu, s\u0103 comunic\u2026<\/p>\n\n\n\n<p>A\u0219a am \u00eenceput. Mi-am cump\u0103rat c\u0103r\u021bi s\u0103 \u00eenv\u0103\u021b editarea fotografiilor, pierdeam nop\u021bile pe conexiuni dial-up, \u00eencete \u0219i scumpe. Prima imprimant\u0103 \u0219i primul scanner le-am cump\u0103rat \u00een rate de la un tip care mi-a fost prieten dar apoi am scris despre el in ziar \u0219i ne-am r\u0103cit.<\/p>\n\n\n\n<p>\u00cemi aduc aminte mereu de na\u0219terea mea din Kosovo. De c\u00e2t de util mi-ar fi fost s\u0103 \u0219tiu, s\u0103 \u00eenv\u0103\u021b, s\u0103 am de unde \u00eenv\u0103\u021ba. A\u0219a am decis s\u0103 fac site-ul acesta, asta pentru c\u0103 nu cred c\u0103 sunt un prea mare egoist, dau \u0219i altora din ce \u0219tiu. Numai s\u0103 am putere s\u0103 scriu. S\u0103 fiu s\u0103n\u0103tos \u0219i s\u0103 am timp.<\/p>\n\n\n\n<p>Primele mele pagini web, primele site-uri au fost pe Geocities. Acum, acest pionier al hostingului, al wizard-urilor de pagini web, primele impresii despre internet&#8230; nu mai exist\u0103! A fost \u00eenchis definiv. <a href=\"https:\/\/www.cnet.com\/news\/geocities-dies-in-march-2019-and-with-it-a-piece-of-internet-history\/\" target=\"_blank\" rel=\"noopener noreferrer\"><strong>Yahoo Geocities r\u0103m\u00e2ne \u00eens\u0103 o amintire<\/strong><\/a>. De atunci p\u0103strez numele de \u201emateibit\u201d.<\/p>\n\n\n\n<p><a href=\"https:\/\/www.facebook.com\/mateibit\" target=\"_blank\" rel=\"author noopener noreferrer\"><i>scris de Matei B\u00eetea<\/i><\/a><\/p>\n\n\n\n<div class=\"fb-like\" data-href=\"https:\/\/www.789.ro\/blog\/?p=2\" data-width=\"200\" data-layout=\"button_count\" data-action=\"like\" data-show-faces=\"false\" data-share=\"true\">&nbsp;<\/div>\n\n\n\n<p><\/p>\n","protected":false},"excerpt":{"rendered":"<div class=\"mh-excerpt\"><p>Matei B\u00eetea; legitima\u021bie de pres\u0103&#8230; Cum am ajuns s\u0103 m\u0103 ocup de site-uri \u0219i s\u0103 fiu freelancer&#8230; este o chestiune de hazard. SEO \u0219i web design&#8230; no\u021biuni despre care nu \u0219tiam nimic. Mai mult, atunci <a class=\"mh-excerpt-more\" href=\"https:\/\/www.789.ro\/blog\/despre\/\" title=\"Despre&#8230;\">[&#8230;]<\/a><\/p>\n<\/div>","protected":false},"author":1,"featured_media":0,"parent":0,"menu_order":0,"comment_status":"open","ping_status":"open","template":"","meta":{"footnotes":""},"class_list":["post-2","page","type-page","status-publish"],"yoast_head":"<!-- This site is optimized with the Yoast SEO plugin v19.4 - https:\/\/yoast.com\/wordpress\/plugins\/seo\/ -->\n<title>Despre mine ca designer web, primii pa\u0219i de freelancer adev\u0103rat...<\/title>\n<meta name=\"description\" content=\"Descrierea primilor mei pa\u0219i \u00een web design. \u00cen 1998 eram jurnalist \u0219i m\u0103 interesa sa-mi fac un site magazin online ca sa vand fotografii\" \/>\n<meta name=\"robots\" content=\"index, follow, max-snippet:-1, max-image-preview:large, max-video-preview:-1\" \/>\n<link rel=\"canonical\" href=\"https:\/\/www.789.ro\/blog\/despre\/\" \/>\n<meta property=\"og:locale\" content=\"ro_RO\" \/>\n<meta property=\"og:type\" content=\"article\" \/>\n<meta property=\"og:title\" content=\"Despre mine ca designer web, primii pa\u0219i de freelancer adev\u0103rat...\" \/>\n<meta property=\"og:description\" content=\"Descrierea primilor mei pa\u0219i \u00een web design. \u00cen 1998 eram jurnalist \u0219i m\u0103 interesa sa-mi fac un site magazin online ca sa vand fotografii\" \/>\n<meta property=\"og:url\" content=\"https:\/\/www.789.ro\/blog\/despre\/\" \/>\n<meta property=\"og:site_name\" content=\"SEO Timisoara. Blog optimizare - promovare site-uri\" \/>\n<meta property=\"article:publisher\" content=\"https:\/\/facebook.com\/mateibit\" \/>\n<meta property=\"article:modified_time\" content=\"2024-07-29T09:23:30+00:00\" \/>\n<meta property=\"og:image\" content=\"https:\/\/www.789.ro\/blog\/wp-content\/uploads\/2013\/12\/Matei-Kosovo-mic.jpg\" \/>\n<meta name=\"twitter:card\" content=\"summary_large_image\" \/>\n<meta name=\"twitter:site\" content=\"@mateibit\" \/>\n<meta name=\"twitter:label1\" content=\"Timp estimat pentru citire\" \/>\n\t<meta name=\"twitter:data1\" content=\"4 minute\" \/>\n<script type=\"application\/ld+json\" class=\"yoast-schema-graph\">{\"@context\":\"https:\/\/schema.org\",\"@graph\":[{\"@type\":[\"Person\",\"Organization\"],\"@id\":\"https:\/\/www.789.ro\/blog\/#\/schema\/person\/f23e219d73265bd394524a9039f7a8e5\",\"name\":\"Matei Bitea\",\"image\":{\"@type\":\"ImageObject\",\"inLanguage\":\"ro-RO\",\"@id\":\"https:\/\/www.789.ro\/blog\/#\/schema\/person\/image\/\",\"url\":\"https:\/\/secure.gravatar.com\/avatar\/aefaa6aeb6aa8a909c6baca26f764503?s=96&d=mm&r=g\",\"contentUrl\":\"https:\/\/secure.gravatar.com\/avatar\/aefaa6aeb6aa8a909c6baca26f764503?s=96&d=mm&r=g\",\"caption\":\"Matei Bitea\"},\"logo\":{\"@id\":\"https:\/\/www.789.ro\/blog\/#\/schema\/person\/image\/\"},\"description\":\"Am fost jurnalist. M-am retras. Acum sunt freelancer \u0219i m\u0103 ocup de optimizare SEO. Scriu \u0219i fac site-uri...\",\"sameAs\":[\"https:\/\/www.789.ro\",\"https:\/\/facebook.com\/mateibit\",\"https:\/\/www.linkedin.com\/in\/mateibit\/\",\"https:\/\/twitter.com\/https:\/\/twitter.com\/mateibit\"]},{\"@type\":\"WebSite\",\"@id\":\"https:\/\/www.789.ro\/blog\/#website\",\"url\":\"https:\/\/www.789.ro\/blog\/\",\"name\":\"SEO Timisoara. Blog despre optimizare \u0219i promovare site-uri\",\"description\":\"Freelancer Matei Bitea despre site-uri si promovarea online, servicii web si internet, online-ul Romania \u0219i international\",\"publisher\":{\"@id\":\"https:\/\/www.789.ro\/blog\/#\/schema\/person\/f23e219d73265bd394524a9039f7a8e5\"},\"potentialAction\":[{\"@type\":\"SearchAction\",\"target\":{\"@type\":\"EntryPoint\",\"urlTemplate\":\"https:\/\/www.789.ro\/blog\/?s={search_term_string}\"},\"query-input\":\"required name=search_term_string\"}],\"inLanguage\":\"ro-RO\"},{\"@type\":\"WebPage\",\"@id\":\"https:\/\/www.789.ro\/blog\/despre\/\",\"url\":\"https:\/\/www.789.ro\/blog\/despre\/\",\"name\":\"Despre mine ca designer web, primii pa\u0219i de freelancer adev\u0103rat...\",\"isPartOf\":{\"@id\":\"https:\/\/www.789.ro\/blog\/#website\"},\"datePublished\":\"2013-12-26T11:52:56+00:00\",\"dateModified\":\"2024-07-29T09:23:30+00:00\",\"description\":\"Descrierea primilor mei pa\u0219i \u00een web design. \u00cen 1998 eram jurnalist \u0219i m\u0103 interesa sa-mi fac un site magazin online ca sa vand fotografii\",\"breadcrumb\":{\"@id\":\"https:\/\/www.789.ro\/blog\/despre\/#breadcrumb\"},\"inLanguage\":\"ro-RO\",\"potentialAction\":[{\"@type\":\"ReadAction\",\"target\":[\"https:\/\/www.789.ro\/blog\/despre\/\"]}]},{\"@type\":\"BreadcrumbList\",\"@id\":\"https:\/\/www.789.ro\/blog\/despre\/#breadcrumb\",\"itemListElement\":[{\"@type\":\"ListItem\",\"position\":1,\"name\":\"SEO Timisoara HomeBlog\",\"item\":\"https:\/\/www.789.ro\/blog\/\"},{\"@type\":\"ListItem\",\"position\":2,\"name\":\"Despre&#8230;\"}]}]}<\/script>\n<!-- \/ Yoast SEO plugin. -->","yoast_head_json":{"title":"Despre mine ca designer web, primii pa\u0219i de freelancer adev\u0103rat...","description":"Descrierea primilor mei pa\u0219i \u00een web design. \u00cen 1998 eram jurnalist \u0219i m\u0103 interesa sa-mi fac un site magazin online ca sa vand fotografii","robots":{"index":"index","follow":"follow","max-snippet":"max-snippet:-1","max-image-preview":"max-image-preview:large","max-video-preview":"max-video-preview:-1"},"canonical":"https:\/\/www.789.ro\/blog\/despre\/","og_locale":"ro_RO","og_type":"article","og_title":"Despre mine ca designer web, primii pa\u0219i de freelancer adev\u0103rat...","og_description":"Descrierea primilor mei pa\u0219i \u00een web design. \u00cen 1998 eram jurnalist \u0219i m\u0103 interesa sa-mi fac un site magazin online ca sa vand fotografii","og_url":"https:\/\/www.789.ro\/blog\/despre\/","og_site_name":"SEO Timisoara. Blog optimizare - promovare site-uri","article_publisher":"https:\/\/facebook.com\/mateibit","article_modified_time":"2024-07-29T09:23:30+00:00","og_image":[{"url":"https:\/\/www.789.ro\/blog\/wp-content\/uploads\/2013\/12\/Matei-Kosovo-mic.jpg"}],"twitter_card":"summary_large_image","twitter_site":"@mateibit","twitter_misc":{"Timp estimat pentru citire":"4 minute"},"schema":{"@context":"https:\/\/schema.org","@graph":[{"@type":["Person","Organization"],"@id":"https:\/\/www.789.ro\/blog\/#\/schema\/person\/f23e219d73265bd394524a9039f7a8e5","name":"Matei Bitea","image":{"@type":"ImageObject","inLanguage":"ro-RO","@id":"https:\/\/www.789.ro\/blog\/#\/schema\/person\/image\/","url":"https:\/\/secure.gravatar.com\/avatar\/aefaa6aeb6aa8a909c6baca26f764503?s=96&d=mm&r=g","contentUrl":"https:\/\/secure.gravatar.com\/avatar\/aefaa6aeb6aa8a909c6baca26f764503?s=96&d=mm&r=g","caption":"Matei Bitea"},"logo":{"@id":"https:\/\/www.789.ro\/blog\/#\/schema\/person\/image\/"},"description":"Am fost jurnalist. M-am retras. Acum sunt freelancer \u0219i m\u0103 ocup de optimizare SEO. Scriu \u0219i fac site-uri...","sameAs":["https:\/\/www.789.ro","https:\/\/facebook.com\/mateibit","https:\/\/www.linkedin.com\/in\/mateibit\/","https:\/\/twitter.com\/https:\/\/twitter.com\/mateibit"]},{"@type":"WebSite","@id":"https:\/\/www.789.ro\/blog\/#website","url":"https:\/\/www.789.ro\/blog\/","name":"SEO Timisoara. Blog despre optimizare \u0219i promovare site-uri","description":"Freelancer Matei Bitea despre site-uri si promovarea online, servicii web si internet, online-ul Romania \u0219i international","publisher":{"@id":"https:\/\/www.789.ro\/blog\/#\/schema\/person\/f23e219d73265bd394524a9039f7a8e5"},"potentialAction":[{"@type":"SearchAction","target":{"@type":"EntryPoint","urlTemplate":"https:\/\/www.789.ro\/blog\/?s={search_term_string}"},"query-input":"required name=search_term_string"}],"inLanguage":"ro-RO"},{"@type":"WebPage","@id":"https:\/\/www.789.ro\/blog\/despre\/","url":"https:\/\/www.789.ro\/blog\/despre\/","name":"Despre mine ca designer web, primii pa\u0219i de freelancer adev\u0103rat...","isPartOf":{"@id":"https:\/\/www.789.ro\/blog\/#website"},"datePublished":"2013-12-26T11:52:56+00:00","dateModified":"2024-07-29T09:23:30+00:00","description":"Descrierea primilor mei pa\u0219i \u00een web design. \u00cen 1998 eram jurnalist \u0219i m\u0103 interesa sa-mi fac un site magazin online ca sa vand fotografii","breadcrumb":{"@id":"https:\/\/www.789.ro\/blog\/despre\/#breadcrumb"},"inLanguage":"ro-RO","potentialAction":[{"@type":"ReadAction","target":["https:\/\/www.789.ro\/blog\/despre\/"]}]},{"@type":"BreadcrumbList","@id":"https:\/\/www.789.ro\/blog\/despre\/#breadcrumb","itemListElement":[{"@type":"ListItem","position":1,"name":"SEO Timisoara HomeBlog","item":"https:\/\/www.789.ro\/blog\/"},{"@type":"ListItem","position":2,"name":"Despre&#8230;"}]}]}},"_links":{"self":[{"href":"https:\/\/www.789.ro\/blog\/wp-json\/wp\/v2\/pages\/2"}],"collection":[{"href":"https:\/\/www.789.ro\/blog\/wp-json\/wp\/v2\/pages"}],"about":[{"href":"https:\/\/www.789.ro\/blog\/wp-json\/wp\/v2\/types\/page"}],"author":[{"embeddable":true,"href":"https:\/\/www.789.ro\/blog\/wp-json\/wp\/v2\/users\/1"}],"replies":[{"embeddable":true,"href":"https:\/\/www.789.ro\/blog\/wp-json\/wp\/v2\/comments?post=2"}],"version-history":[{"count":54,"href":"https:\/\/www.789.ro\/blog\/wp-json\/wp\/v2\/pages\/2\/revisions"}],"predecessor-version":[{"id":1335,"href":"https:\/\/www.789.ro\/blog\/wp-json\/wp\/v2\/pages\/2\/revisions\/1335"}],"wp:attachment":[{"href":"https:\/\/www.789.ro\/blog\/wp-json\/wp\/v2\/media?parent=2"}],"curies":[{"name":"wp","href":"https:\/\/api.w.org\/{rel}","templated":true}]}}